{"id":64,"date":"2012-05-30T12:39:47","date_gmt":"2012-05-30T10:39:47","guid":{"rendered":"http:\/\/www.vallespir.cat\/?page_id=64"},"modified":"2012-06-08T15:28:13","modified_gmt":"2012-06-08T13:28:13","slug":"musics-dels-paisos-catalans","status":"publish","type":"page","link":"https:\/\/vallespir.cat\/?page_id=64","title":{"rendered":"Cantants, m\u00fasics i poetes dels Pa\u00eesos Catalans"},"content":{"rendered":"<p>Un tastet de l&#8217;univers musical dels pa\u00efsos catalans. Doncs a partir de l&#8217;espai\u00a0<em>myspace<\/em>\u00a0o directament a la web de l&#8217;autor. No dubteu a escoltar-ne les peces.<\/p>\n<ul>\n<li><a href=\"http:\/\/www.lluisllach.cat\/\">Llu\u00eds Llach<\/a><\/li>\n<li><a href=\"http:\/\/www.myspace.com\/marinarossell\">Marina Rossell<\/a><\/li>\n<li><a href=\"http:\/\/www.viasona.cat\/grup\/maria-del-mar-bonet\">M\u00aa del Mar Bonet<\/a><\/li>\n<li><a href=\"http:\/\/www.youtube.com\/watch?v=u9Rm3fncdBA\">Raimon<\/a><\/li>\n<li><a href=\"http:\/\/www.youtube.com\/watch?v=jxW-LNYlT_Y\">Jordi Barre<\/a><\/li>\n<li><a href=\"http:\/\/www.youtube.com\/watch?v=VyiJdBgf7Cg\">Teresa Rebull<\/a><\/li>\n<li><a href=\"http:\/\/www.youtube.com\/watch?v=5yw5E0p3FCI&amp;feature=relmfu\">Pascal Comelada<\/a><\/li>\n<li><a href=\"http:\/\/www.youtube.com\/watch?v=zQZwSiKDP64\">Gisela Bellsol\u00e0<\/a><\/li>\n<\/ul>\n","protected":false},"excerpt":{"rendered":"<p>Un tastet de l&#8217;univers musical dels pa\u00efsos catalans. Doncs a partir de l&#8217;espai\u00a0myspace\u00a0o directament a la web de l&#8217;autor. No dubteu a escoltar-ne les peces. Llu\u00eds Llach Marina Rossell M\u00aa del Mar Bonet Raimon Jordi Barre Teresa Rebull Pascal Comelada Gisela Bellsol\u00e0<\/p>\n","protected":false},"author":1,"featured_media":0,"parent":0,"menu_order":0,"comment_status":"open","ping_status":"open","template":"","meta":{"footnotes":""},"class_list":["post-64","page","type-page","status-publish","hentry"],"_links":{"self":[{"href":"https:\/\/vallespir.cat\/index.php?rest_route=\/wp\/v2\/pages\/64","targetHints":{"allow":["GET"]}}],"collection":[{"href":"https:\/\/vallespir.cat\/index.php?rest_route=\/wp\/v2\/pages"}],"about":[{"href":"https:\/\/vallespir.cat\/index.php?rest_route=\/wp\/v2\/types\/page"}],"author":[{"embeddable":true,"href":"https:\/\/vallespir.cat\/index.php?rest_route=\/wp\/v2\/users\/1"}],"replies":[{"embeddable":true,"href":"https:\/\/vallespir.cat\/index.php?rest_route=%2Fwp%2Fv2%2Fcomments&post=64"}],"version-history":[{"count":4,"href":"https:\/\/vallespir.cat\/index.php?rest_route=\/wp\/v2\/pages\/64\/revisions"}],"predecessor-version":[{"id":66,"href":"https:\/\/vallespir.cat\/index.php?rest_route=\/wp\/v2\/pages\/64\/revisions\/66"}],"wp:attachment":[{"href":"https:\/\/vallespir.cat\/index.php?rest_route=%2Fwp%2Fv2%2Fmedia&parent=64"}],"curies":[{"name":"wp","href":"https:\/\/api.w.org\/{rel}","templated":true}]}}

Cantants, músics i poetes dels Paîsos Catalans

<p>Un tastet de l&#8217;univers musical dels països catalans. Doncs a partir de l&#8217;espai <em>myspace</em> o directament a la web de l&#8217;autor. No dubteu a escoltar-ne les peces.</p>
<ul>
<li><a href="http://www.lluisllach.cat/">Lluís Llach</a></li>
<li><a href="http://www.myspace.com/marinarossell">Marina Rossell</a></li>
<li><a href="http://www.viasona.cat/grup/maria-del-mar-bonet">Mª del Mar Bonet</a></li>
<li><a href="http://www.youtube.com/watch?v=u9Rm3fncdBA">Raimon</a></li>
<li><a href="http://www.youtube.com/watch?v=jxW-LNYlT_Y">Jordi Barre</a></li>
<li><a href="http://www.youtube.com/watch?v=VyiJdBgf7Cg">Teresa Rebull</a></li>
<li><a href="http://www.youtube.com/watch?v=5yw5E0p3FCI&amp;feature=relmfu">Pascal Comelada</a></li>
<li><a href="http://www.youtube.com/watch?v=zQZwSiKDP64">Gisela Bellsolà</a></li>
</ul>

<p>Un tastet de l&#8217;univers musical dels països catalans. Doncs a partir de l&#8217;espai myspace o directament a la web de l&#8217;autor. No dubteu a escoltar-ne les peces. Lluís Llach Marina Rossell Mª del Mar Bonet Raimon Jordi Barre Teresa Rebull Pascal Comelada Gisela Bellsolà</p>
